 28?
24
Let n(a) = -a**3 + 4*a**2 - 3*a + 3. Let w be n(3). Suppose g - w*k - 7 = -0*g, 4*k - 60 = -3*g. What is the remainder when 30 is divided by g?
14
Suppose 3*j = 2*l - 51, l + j = 3*l - 45. Calculate the remainder when l is divided by 12.
9
Let t = -11 + 19. What is the remainder when t is divided by (-6)/(-4)*(-30)/(-9)?
3
Calculate the remainder when 311 is divided by (-1032)/(-40) - 1/(-5).
25
Suppose 4*b - 40 = -2*j, -2*j - j + b = -67. What is the remainder when 85 is divided by j?
19
Let n = 9 + -6. Let k(o) = -3*o - 7. Calculate the remainder when k(-6) is divided by n.
2
Let p(z) be the third derivative of z**6/120 - z**4/24 + z**3/3 + 5*z**2. Let s(g) = -g**3 - g + 23. Calculate the remainder when s(0) is divided by p(2).
7
Let b = 19 - 13. What is the remainder when 39 is divided by b?
3
Suppose u = 3*u. Suppose -5*k = -u*k - 390. Suppose -199 = -3*x - 4*j - k, 2*x - 104 = 2*j. Calculate the remainder when x is divided by 16.
15
Suppose 0 = -4*n + 14 + 62. Suppose 0 = -k - k + 70. What is the remainder when k is divided by n?
16
Calculate the remainder when 52 is divided by 51/9 - (-3)/9.
4
Calculate the remainder when (-36)/(-2) + -3 + 6 is divided by 6.
3
Suppose -4*o = 9 - 61. Suppose 2*y + y - 5*b = 91, -3*b - 25 = -y. What is the remainder when y is divided by o?
11
Suppose -11 - 6 = -4*i + 3*p, i + 2*p + 4 = 0. What is the remainder when 9 is divided by i?
1
What is the remainder when (-88)/(-24) - 2/3 is divided by (1 - 3) + 1 + 4?
0
Let x(b) = b**3 + 11*b**2 - 2*b - 7. What is the remainder when 43 is divided by x(-11)?
13
Let h(c) = -c + 7. What is the remainder when 23 is divided by h(3)?
3
Suppose 5*h - 305 = -5*x, 2*h - x + 6*x - 134 = 0. What is the remainder when h is divided by (-2)/(((-4)/15)/2)?
12
Suppose 0 = 16*a - 19*a + 42. Calculate the remainder when 25 is divided by a.
11
Let m = -36 - -51. Calculate the remainder when 59 is divided by m.
14
Let a = -24 - -26. What is the remainder when (-18)/(-4)*2/3 is divided by a?
1
Let o = 28 + 37. Calculate the remainder when o is divided by 17.
14
Let d = -5 + 16. What is the remainder when d is divided by 3?
2
Suppose c + 0*c - 4*b - 18 = 0, 2*c - b - 22 = 0. What is the remainder when c is divided by 4?
2
Suppose 5*v = 4*x + 3*v + 118, 5*v + 53 = -2*x. Let u = -7 - x. Calculate the remainder when (10/4 - 2)*u is divided by 6.
5
Let k(a) = 6*a**3. Let v be k(-1). Let h(j) = -2*j + 3. Calculate the remainder when 27 is divided by h(v).
12
Let p(q) = -q - 15. Let b(k) = 2*k + 30. Let d(s) = -2*b(s) - 5*p(s). Let i be d(0). Suppose -2*j + i = 3*j. Calculate the remainder when j is divided by 2.
1
Suppose -4*b = b - 35. Calculate the remainder when 12 is divided by b.
5
Let j = 10 + -5. Calculate the remainder when 9 is divided by j.
4
Suppose p + 3*p = -4*x + 276, 267 = 4*p - 5*x. What is the remainder when p is divided by 19?
11
Let x(r) = 21*r**2 - r. Let b be x(1). Suppose m - 3*m + b = 0. Calculate the remainder when 18 is divided by m.
8
Let i(t) = -t - 8. Let q be i(-11). Let x be (-8)/q*(-75)/10. Suppose 0 = 2*f - x - 0. Calculate the remainder when 19 is divided by f.
9
Let c be ((-186)/9)/(2/(-3)). Suppose 0 = -2*x + 2*p - 16, 0 = -5*x - p - 3*p - c. What is the remainder when 36 is divided by 4/(-14) - 93/x?
10
Let g = 88 + -78. Calculate the remainder when (-1 - -2) + (0 - -36) is divided by g.
7
Suppose 0 = -3*y - 11 - 1. Let u(d) be the third derivative of -d**4/24 + 5*d**3/6 - 15*d**2. What is the remainder when u(y) is divided by 5?
4
Suppose -2*k + 121 = -3*h, -2*h - 40 - 23 = -k. What is the remainder when k is divided by 14?
11
Let z = -94 + 137. Calculate the remainder when z is divided by 11.
10
Suppose 2*d + 2 = q, -q = 3*q + 4*d - 20. Suppose -5*u = -0*u - 30. What is the remainder when 31 is divided by (-100)/(-6) - q/u?
15
Let n(c) = c + 5. Calculate the remainder when n(9) is divided by (-2*1 + -2)*-2.
6
Let i(t) be the first derivative of -6*t**2 - t + 1. Let p(u) = u - 5. Let b be p(4). Calculate the remainder when i(b) is divided by 4.
3
Suppose -3*z = z - 12. Suppose -3*m = -54 - z. What is the remainder when m is divided by 6?
1
Let d = -190 - -224. Let a(i) = 11*i**2 + 1. What is the remainder when d is divided by a(-1)?
10
Let n = 0 + 3. Suppose 0 = -n*p + p - 5*x + 35, 5*p - 2*x - 44 = 0. Calculate the remainder when 18 is divided by p.
8
Let b(m) = 33*m**2 + 6*m + 3. Let d(t) = -22*t**2 - 4*t - 2. Let p(c) = -5*b(c) - 8*d(c). What is the remainder when 19 is divided by p(-1)?
9
Let g = 5 - -21. What is the remainder when g is divided by 14?
12
Let w(x) = x**3 - 7*x**2 + 3*x - 10. Let t(d) = -d**2 - 9*d - 7. Let n be t(-7). What is the remainder when 21/2*(0 - -2) is divided by w(n)?
10
Suppose 0 = -4*f + 8, -5*m + 5 + 49 = -3*f. Calculate the remainder when 23 is divided by m.
11
Suppose 5*g - 29 - 1 = 0. Let c(o) = 6*o - 4. Let q be c(-2). Calculate the remainder when (57/(-4))/(g/q) is divided by 20.
18
Let o = 10 - 6. Suppose 0 = 3*g + 4*w - 79, g - o*w - 27 = 26. What is the remainder when g is divided by 12?
9
Suppose -10*l + 6*l + 36 = 0. Calculate the remainder when (l/2)/((-3)/(-32)) is divided by 17.
14
Let l = 31 + -9. Suppose -2*t + 43 = -43. Calculate the remainder when t is divided by l.
21
Let i be 2 + 0 + (-28 - -1). Calculate the remainder when 19 is divided by (2/(-5))/(1/i).
9
Suppose -23*h + 54 = -20*h. What is the remainder when h is divided by 10?
8
Suppose 15 = -4*u - 29. Let b = 18 + u. Suppose -2*r + b = -13. What is the remainder when 18 is divided by r?
8
Let o = 2 + 1. Suppose -o*v = -16 - 5. Suppose 0 = d + 3*s + 1, -5*s - 15 = -2*d - 3*d. Calculate the remainder when v is divided by d.
1
Suppose -5*s + 2*h - 2 = -3*s, 4 = -5*s + 4*h. Suppose 3*f + s*g - g = 66, g - 110 = -5*f. Calculate the remainder when 43 is divided by f.
21
Let h = -11 - -11. Suppose 24 = -h*f + 2*f. What is the remainder when 46 is divided by f?
10
Suppose 2*i + 3 + 7 = 2*r, -4*r - 34 = 5*i. Let b be 28 - i*(-3)/(-6). Let a = b - 13. What is the remainder when 52 is divided by a?
16
Let h(d) = 9*d + 5. Suppose 2*x = 2*o + 44, -5*x + 50 = 3*o - 52. Calculate the remainder when h(4) is divided by x.
20
Suppose 9*g + 88 = 13*g. Suppose 5*c = -0*c + 20. Suppose c*d + d = 40. What is the remainder when g is divided by d?
6
Let k = -10 + 16. What is the remainder when 22 is divided by k?
4
Let g(h) = h**3 + 6*h**2 - 1. Let x be g(-6). Let v = x - -2. Suppose 4*b - 3 - 5 = 0. Calculate the remainder when b is divided by v.
0
Suppose 0 = 4*o - 53 - 3. Suppose 0 = -w + 3*w - 18. Let r = w + -4. What is the remainder when o is divided by r?
4
Suppose x + 3*y - 44 = 0, -3*x + 3*y + 25 = -71. Calculate the remainder when 173 is divided by x.
33
Suppose 3*t = -w + 53, -4*w - 105 = -4*t - 13. Suppose 12 = -h + 49. What is the remainder when h is divided by t?
18
Suppose 6 = -5*k - 3*y + 21, -3*y = -k + 3. What is the remainder when k is divided by 3?
0
Let d(x) = -x**2 + 9*x + 6. Let z be 8/6*90/4. Suppose 4*o - 57 = -5*l, -2*o - 3*o = -5*l + z. Calculate the remainder when d(5) is divided by l.
8
Suppose -36 = -7*u + 342. Calculate the remainder when u is divided by 11.
10
Let g = -16 + 21. What is the remainder when g is divided by 5?
0
Let g = -11 - -8. Let q be ((-2)/g)/((-2)/18). Let c = 11 + q. Calculate the remainder when 14 is divided by c.
4
Suppose -4*j - z + 2 = -2*j, 3*j - 4 = -z. Suppose -4*b + 175 = 3*v, 5*b + j*v = -2*v + 220. Let u = 65 - b. Calculate the remainder when u is divided by 13.
12
Let s = 57 - 36. What is the remainder when 55 is divided by s?
13
Suppose 0 = 3*p - 4*g + 13, 2*p - 1 = 5*p - g. Calculate the remainder when 49 is divided by (-1)/2*p*-50.
24
Let t(m) = -2*m**2 + 2*m + 5. Let u(l) = 5*l**2 - 6*l - 14. Let k(n) = -8*t(n) - 3*u(n). Calculate the remainder when k(5) is divided by 13.
11
What is the remainder when 35/2 - 6/(-4) is divided by 7 + (-2 - 0) + 0?
4
Suppose 3*c + c = 100. Calculate the remainder when c is divided by 13.
12
Suppose 0 = 4*p - 6*p + 2*f + 92, -p - 3*f + 58 = 0. What is the remainder when p is divided by 22?
5
Let i(p) = p + 3. Calculate the remainder when 53 is divided by i(4).
4
Let h be (-39)/15 - (-4)/(-10). Let w(j) = -j**2 - 2*j + 4. Calculate the remainder when 2 is divided